(b) = 8*b + 71. Determine m(-30).
-169
Let v(p) = 3*p**2 + 3*p + 93. What is v(-10)?
363
Let t(f) = 84*f + 1525. Give t(-18).
13
Let h(f) = 10*f + 129. Give h(-13).
-1
Let q(f) = f**2 - 39*f + 138. Determine q(5).
-32
Let b(s) = s**2 + 16*s + 401. What is b(-18)?
437
Let m(r) = -r**3 + 7*r**2 - 9*r + 22. Calculate m(5).
27
Let x(s) = -s**3 - 72*s**2 - 77*s - 423. What is x(-71)?
3
Let g(v) = -6*v**2 - 525*v + 576. Determine g(-88).
312
Let m(y) = 5*y + 47. Determine m(-20).
-53
Let z(j) = 2*j**2 + 5*j - 81. What is z(-7)?
-18
Let a(c) = 21*c**3 + 2*c**2 - 8. Give a(2).
168
Let n(l) = 2*l**3 - 121*l**2 - 317*l + 133. Give n(63).
7
Let b(s) = s**2 + 38*s + 407. Calculate b(-17).
50
Let w(f) = 2*f**2 + 635*f + 22672. Give w(-41).
-1
Let h(n) = n**2 + 131*n + 4171. What is h(-54)?
13
Let k(c) = -39*c**2 - 104*c + 18. Calculate k(-3).
-21
Let j(h) = -5*h**3 - 2*h**2 - 3*h - 14. What is j(3)?
-176
Let c(w) = 5*w**2 + 183*w + 90. Give c(-36).
-18
Let j(h) = -77*h + 9383. Give j(125).
-242
Let a(v) = -24*v + 117. Determine a(5).
-3
Let a(p) = -p**3 + 24*p**2 + 111*p + 18. Determine a(28).
-10
Let c(j) = j**2 - 67*j + 466. Calculate c(66).
400
Let s(v) = -4*v - 18. Give s(-16).
46
Let i(r) = 6*r + 124. What is i(-28)?
-44
Let r(i) = i**2 + 158*i - 3162. Calculate r(18).
6
Let z(j) = 163*j + 208. What is z(3)?
697
Let o(g) = 1124*g - 17957. Give o(16).
27
Let f(x) = -245*x + 2434. Give f(9).
229
Let z(c) = 674*c + 172547. What is z(-256)?
3
Let o(z) = 2*z**2 - 48*z + 160. Give o(18).
-56
Let s(a) = 2*a**2 + 34*a + 80. Calculate s(-3).
-4
Let i(k) = k**3 - 81*k**2 + 165*k - 539. Calculate i(79).
14
Let t(l) = 59*l**3 - 414*l**2 - 7*l + 92. Calculate t(7).
-6
Let i(k) = 3*k**2 + 40*k - 118. What is i(-19)?
205
Let j(d) = -2*d**2 - d + 625. Determine j(-18).
-5
Let g(w) = 29*w**3 + 2*w**2 + 41*w + 40. Give g(-1).
-28
Let a(j) = 5*j**2 + 19*j + 27. Give a(-5).
57
Let s(p) = -3*p - 143. What is s(-49)?
4
Let v(p) = 251*p - 632. What is v(2)?
-130
Let j(n) = -193*n - 13900. Give j(-72).
-4
Let r(c) = -2*c**3 + 28*c**2 - 3*c + 74. Give r(14).
32
Let a(h) = 3*h**3 + h**2 + 7*h + 45. Calculate a(-4).
-159
Let s(x) = -5*x**3 - 13*x**2 - 14*x - 59. What is s(-3)?
1
Let r(t) = 38*t + 2779. Give r(-70).
119
Let z(n) = -863*n + 12913. Determine z(15).
-32
Let v(h) = -h**2 - 265*h + 805. What is v(3)?
1
Let x(c) = c**2 + 565*c - 4091. Calculate x(7).
-87
Let l(g) = 9*g**2 - 32*g - 468. Calculate l(-10).
752
Let k(b) = 241*b**2 + 708*b - 17. What is k(-3)?
28
Let g(d) = -6*d**3 - 294*d**2 - d - 57. Determine g(-49).
-8
Let y(v) = -v**3 + 113*v**2 + 232*v - 228. Give y(115).
2
Let b(l) = l**3 + 19*l**2 - 38*l + 36. What is b(-21)?
-48
Let s(a) = -43*a**2 - 41*a - 164. Determine s(-4).
-688
Let z(c) = c**3 - 96*c**2 - 291*c - 595. What is z(99)?
-1
Let d(v) = 197*v**2 - 58*v - 57. Determine d(-1).
198
Let t(u) = -u**3 + 13*u**2 - 16*u + 40. What is t(11)?
106
Let t(k) = 15*k**3 - 11*k + 10. What is t(1)?
14
Let a(g) = 2*g**3 + 31*g**2 + 36*g - 74. Calculate a(-14).
10
Let w(v) = -5*v**2 - 83*v - 267. Give w(-12).
9
Let s(a) = 6*a + 16. Calculate s(-13).
-62
Let m(h) = -7*h + 769. Determine m(107).
20
Let k(v) = 2*v**3 + 140*v**2 - 216*v - 5242. Determine k(-71).
12
Let y(d) = d**3 - 5*d**2 - 7*d + 21. Calculate y(8).
157
Let s(r) = -r**2 - 62*r - 187. What is s(-59)?
-10
Let q(a) = -a**3 + 110*a**2 - 310*a - 1178. Give q(107).
-1
Let r(b) = b**3 - 30*b**2 + 177*b + 8. Give r(8).
16
Let n(b) = -2*b**3 - 4*b**2 + 49*b + 14. Give n(-6).
8
Let y(s) = 2*s**3 - 33*s**2 + 14*s - 31. Give y(16).
-63
Let n(y) = y**3 + 36*y**2 + 176*y - 45. Calculate n(-30).
75
Let j(w) = w**3 - 13*w**2 + 13*w - 2. Calculate j(4).
-94
Let f(r) = 12*r**2 - 105*r - 409. What is f(-4)?
203
Let u(s) = -s**3 - 42*s**2 + 232*s + 8. Determine u(5).
-7
Let b(q) = -q**3 - 36*q**2 - 71*q - 129. What is b(-34)?
-27
Let d(c) = 3609*c - 39695. What is d(11)?
4
Let l(o) = -3*o**2 - 22*o + 67. Give l(-10).
-13
Let f(x) = x**3 + x**2 - 3*x - 7. Calculate f(2).
-1
Let y(m) = m**2 + m + 25. Determine y(-3).
31
Let o(x) = -2*x**2 + 9*x + 15. What is o(10)?
-95
Let d(o) = 2*o**2 + 5*o + 13. Calculate d(0).
13
Let l(j) = -15*j**2 - 197*j - 487. Calculate l(-9).
71
Let v(h) = -2*h**3 + 53*h**2 - 183*h + 12. What is v(4)?
0
Let u(g) = -g**3 - 60*g**2 + 254*g + 93. Calculate u(-64).
221
Let q(c) = 3*c**2 - 28*c + 98. Determine q(3).
41
Let j(z) = -z**3 + 27*z**2 - 99*z + 4550. Determine j(29).
-3
Let i(b) = 67*b**3 + 3*b**2 + 3*b + 1. Give i(-1).
-66
Let l(g) = -2*g**2 + 97*g + 1748. What is l(-14)?
-2
Let u(i) = -2633*i + 39495. Calculate u(15).
0
Let j(v) = v**3 - 27*v**2 + 93*v + 327. Give j(22).
-47
Let s(p) = -3*p**2 + 8*p + 784. What is s(-15)?
-11
Let m(z) = -50*z - 2359. Determine m(-46).
-59
Let i(k) = -k**2 + 27*k - 46. Give i(17).
124
Let g(z) = 9*z + 58. Calculate g(2).
76
Let z(w) = -w**2 - 26*w - 180. Give z(-8).
-36
Let n(f) = -15*f**2 + 7*f - 8. Calculate n(1).
-16
Let u(d) = 107*d**2 + 559*d + 13. What is u(-5)?
-107
Let x(s) = -51*s**3 + s**2 - 6*s - 7. Calculate x(-1).
51
Let m(y) = 528*y + 5736. Give m(-11).
-72
Let k(v) = -1588*v - 14302. Calculate k(-9).
-10
Let d(h) = 4*h**2 - 2835*h - 2835. Determine d(-1).
4
Let f(t) = -2*t**3 - 58*t**2 + 136*t + 3985. Give f(-29).
41
Let n(f) = -f**2 - 798*f + 7. What is n(0)?
7
Let l(y) = -4*y**2 + 525*y - 107. What is l(131)?
24
Let a(r) = r**3 + r**2 + 148*r + 298. Give a(-2).
-2
Let s(d) = 502*d - 2934. What is s(6)?
78
Let n(z) = -z**2 + 21*z + 500. Calculate n(-12).
104
Let t(q) = -3*q**3 + 7*q**2 + 17*q + 8. Determine t(5).
-107
Let u(j) = 2*j**2 - 326*j + 4697. Give u(16).
-7
Let d(c) = -7*c - 285. Determine d(-42).
9
Let a(x) = -3*x**2 + 281*x + 2547. What is a(102)?
-3
Let k(n) = n**3 - 57*n**2 + 250*n + 29. Determine k(52).
-491
Let g(b) = -1563*b + 58. What is g(0)?
58
Let c(d) = -4*d**2 + 88*d + 396. Determine c(-5).
-144
Let c(t) = 7*t + 67. Determine c(-3).
46
Let d(j) = -355*j - 2675. Calculate d(-8).
165
Let w(k) = 633*k - 5708. Calculate w(9).
-11
Let r(t) = -t**3 - 34*t**2 + 78*t + 176. Determine r(-36).
-40
Let j(k) = 36*k**2 - 71*k - 3. Give j(4).
289
Let r(j) = -5*j**3 + 2*j**2 + 14*j - 2. Calculate r(-3).
109
Let w(r) = 289*r + 550. Give w(-3).
-317
Let n(g) = -g**3 - 18*g**2 - 12*g + 27. Give n(0).
27
Let t(b) = -6*b**2 - 3*b - 1. Calculate t(4).
-109
Let f(a) = -a**3 + 16*a**2 - 44*a + 38. What is f(12)?
86
Let b(f) = -19*f + 208. Give b(-8).
360
Let n(z) = -6862*z + 27460. Give n(4).
12
Let w(c) = -6*c**3 - 31*c**2 - 13*c - 4. What is w(-2)?
-54
Let q(a) = -3*a**2 - 123*a - 101. Determine q(-39).
133
Let g(h) = h**2 + 320*h + 2804. What is g(-9)?
5
Let x(s) = -143*s - 770. Determine x(-6).
88
Let p(o) = -o**3 + 6*o**2 + 138*o - 21. What is p(15)?
24
Let o(u) = -u**3 - 15*u**2 + u - 18. Give o(-15).
-33
Let y(u) = u**2 + 10*u - 34. Calculate y(9).
137
Let b(w) = -w**3 + 68*w + 187. What is b(-6)?
-5
Let u(r) = -135*r**3 + r**2 + 2*r + 3. What is u(-1)?
137
Let j(i) = i**3 - 10*i**2 + i + 104. Determine j(7).
-36
Let g(l) = 8*l**2 + 255*l - 63. Calculate g(-33).
234
Let v(f) = -488*f - 5893. Calculate v(-12).
-37
Let a(x) = 8*x - 278. What is a(44)?
74
Let q(a) = 106*a - 5624. Calculate q(53).
-6
Let f(j) = -263*j + 2656. Give f(10).
26
Let q(s) = 4*s**2 + 60*s - 783. Calculate q(-24).
81
Let z(b) = 2*b**3 + 84*b**2 - 78*b - 124. What is z(-43)?
-468
Let w(o) = 20*o**2 + 44*o + 178. Give w(-5).
458
Let p(u) = -4*u**2 + 255*u + 100. What is p(64)?
36
Let u(q) = -4*q**2 - 22*q - 56. Calculate u(-10).
-236
Let p(i) = -2*i**3 - 15*i**2 - 38*i - 17. Calculate p(-5).
48
Let n(d) = -921*d + 3689. Give n(4).
5
Let f(l) = -278*l + 3615. Determine f(13).
1
Let q(y) = 2*y**2 - 12*y - 178. What is q(0)?
-178
Let d(s) = 43*s + 111. Determine d(-3).
-18
Let g(l) = l**3 + 9*l**2 + 20*l + 2. Calculate g(-6).
-10
Let s(g) = -g**3 + 62*g**2 - 60*g - 158. Give s(61).
-97
Let s(x) = -x + 57. Determine s(31).
26
Let c(g) = 178*g**3 + 6*g**2 - 7*g + 1. Give c(1).
178
Let c(d) = -d**2 - 55*d - 463. Give c(-42).
83
Let c(h) = -2*h**3 + 21*h**2 + 165*h + 27. Give c(-5).
-23
Let q(k) = -2*k**3 - 17*k**2 - 19*k - 218. Determine q(-9).
34
Let u(m) = -1136*m + 65888. Calculate u(58).
0
Let f(m) = -25*m - 952. What is f(-6)?
-802
Let s(h) = 9*h**2 - 77*h + 158. G